 27 + d. Let n = 18 + m. What are the prime factors of n?
37
Let k(v) = v**2 + 2*v + 3. Let m be k(0). Suppose 3*l - 4*l = -m*h - 83, -l - h + 63 = 0. What are the prime factors of l?
2, 17
Let t = 43 - 40. Let r(f) = 2*f**3 - 4*f**2 - f. What are the prime factors of r(t)?
3, 5
Let a = -414 + 842. Suppose 3*z - 7*z = a. Let o = z + 153. List the prime factors of o.
2, 23
Suppose -4*y + b + 8 = 0, -3*y - 3*b - 7 + 28 = 0. Suppose y + 1 = -2*q - 2*r, -19 = 2*q - r. Let t = -3 - q. List the prime factors of t.
2
Let z(s) = s**2 - 5*s - 4. Let f(g) = g**2 - 4*g + 3. Let n be f(5). Let j be z(n). What are the prime factors of ((-8)/j)/((-4)/280)?
2, 7
Suppose -m + y = -2*y - 1606, -2*m - 2*y = -3244. List the prime factors of m.
2, 809
Suppose 52*f = 40*f + 12168. What are the prime factors of f?
2, 3, 13
Let a be 7 + -12 + (658 - -2). Let f = a - 464. What are the prime factors of f?
191
Suppose 3*d = 2*d + 18. Suppose s = d + 29. What are the prime factors of s?
47
Let x = -615 + 1000. List the prime factors of x.
5, 7, 11
Let n be 122/(-8) - 1/(-4). Suppose 2*i = 46 - 176. Let a = n - i. What are the prime factors of a?
2, 5
Let w be 6/((-36)/(-8) + -3). Suppose d + 9 = -5*f, -4*d + w*f - 2*f - 36 = 0. Let m = d - -24. List the prime factors of m.
3, 5
Suppose -119 - 521 = -2*z. List the prime factors of z.
2, 5
Let s = 60 + -96. What are the prime factors of 4 - s/(-8) - (-169)/2?
2, 3, 7
Let o(g) = 37*g**2 - 9*g + 73. List the prime factors of o(9).
7, 61
Let v be (4 + 1)*(-7 - (-4 + -4)). Suppose v*g = 858 + 332. List the prime factors of g.
2, 7, 17
Let x(c) = -12*c**3 - c**2 + c + 3. Let f be x(-3). Suppose 0 = 95*b - 92*b - f. List the prime factors of b.
3, 5, 7
Suppose j + j = -10, -345 = -5*g + j. Let u = g - 8. What are the prime factors of u?
2, 3, 5
Let m(b) = 2*b**3 + 6*b**2 + 8*b - 7. List the prime factors of m(5).
433
Let l = -82 - -2280. List the prime factors of l.
2, 7, 157
Let d = -18 - -20. Suppose d*c + c = 156. What are the prime factors of c?
2, 13
Let m(k) = -9*k - 1 + 0*k**2 + 3 - k**2 + 0*k. Let c = -17 + 10. What are the prime factors of m(c)?
2
Suppose -6629 = 28*u - 35*u. What are the prime factors of u?
947
Suppose -2*q = q + 6. Let d(s) = -2*s + 13. Let p be d(6). List the prime factors of q - (-58 + -4 + p).
59
Suppose -12*w = -25*w + 767. List the prime factors of w.
59
Suppose 12 = 2*z + z. Let y be (-34)/(-6) + z/12. Let a(i) = -i**3 + 8*i**2 - 7*i - 11. What are the prime factors of a(y)?
19
Suppose 2*s = -3*u + 51, 3*s - 57 = -3*u + 27. List the prime factors of s.
3, 11
Suppose 40 = 4*x - 4*y, -x + 9 + 13 = -4*y. Let v be (-34)/(-3)*9/x. Suppose 0 = -r + 25 - v. List the prime factors of r.
2
Suppose -s = -0*s - 5*c + 129, 391 = -4*s - 5*c. Let y = -32 - s. Suppose 6*u = 2*u + y. List the prime factors of u.
2, 3
Let n(l) = 24*l - 2. Let m be n(1). Let x = -15 + m. Let a = x - 2. What are the prime factors of a?
5
Suppose 1140 = 16*l - 396. What are the prime factors of l?
2, 3
Suppose -9*l = -12*l. Let w be 37 - (-9)/3 - l. Let d = 68 - w. What are the prime factors of d?
2, 7
Let p(n) = 17*n - 1. Let j be p(-1). What are the prime factors of 11870/45 + -2*2/j?
2, 3, 11
What are the prime factors of 893/((-21)/21 - (-9)/6)?
2, 19, 47
Suppose y - 41 = -2*d, -2*d + 2*y + 20 = -6. Suppose 3*v - 2*t = -d, -2*t + 4 + 2 = -v. Let x(c) = -5*c + 11. What are the prime factors of x(v)?
41
Let a be (-1)/(3/30*-2). Let r = a + 25. Let c = r - 13. List the prime factors of c.
17
Let c(a) = 3857*a + 49. What are the prime factors of c(1)?
2, 3, 7, 31
Let b(t) = 4*t + 12 + 8*t + 17*t**2 + t**3 + 11. What are the prime factors of b(-16)?
3, 29
Let w = 552 + -466. List the prime factors of w.
2, 43
Suppose -14*o = -6*o - 9496. List the prime factors of o.
1187
Let k(h) = h**2 + 9*h + 6. Suppose -5*v + 5*g - 20 = 0, -4*v - 24 = -2*g - 0*g. Let m be k(v). Let r = 6 - m. What are the prime factors of r?
2
Let u(t) = -t + 14. Let b(k) = -2*k - 12. Let m be b(-11). Let d be u(m). Suppose 2*q - 2*r = 16, 0*q + d*r - 13 = -q. List the prime factors of q.
3
Let b(o) be the second derivative of -o**3/3 + 11*o**2 - 3*o. Let n be b(9). Suppose -3*s + 104 = 2*r, n*s + s = 0. What are the prime factors of r?
2, 13
Suppose 41 = y - 5*o, o + 67 = 3*y - 0*o. Suppose -y*a + 3136 = -5*a. List the prime factors of a.
2, 7
Suppose -j + 5*c - 3620 = -5*j, -4*c = -4*j + 3620. List the prime factors of j.
5, 181
Suppose -2*c - u = -3*u - 4498, -u = -5*c + 11257. What are the prime factors of c?
2, 563
Suppose -811 + 4576 = 3*i + 5*w, w = -4*i + 5020. List the prime factors of i.
5, 251
Let v = 129 - 111. Suppose -x - v + 95 = 0. What are the prime factors of x?
7, 11
Suppose 8*q - 5 = 51. Let u = q - 7. Suppose 3*h + r = 238, u = h - 2*r + 36 - 113. What are the prime factors of h?
79
Let u = -169 + 203. List the prime factors of u.
2, 17
Let m be ((-315)/(-12))/(-7)*4. Let p = m + 17. Suppose -p*t + 26 = -0*t. List the prime factors of t.
13
Suppose 0 = -6*p + 10 + 50. Suppose -13*t + 192 = -p*t. List the prime factors of t.
2
Let k = 55 + -33. Suppose 0 = -k*q + 14*q + 400. List the prime factors of q.
2, 5
Suppose -2*p - 5*k = -426, p + 5*k + 45 - 253 = 0. What are the prime factors of p?
2, 109
Let s(c) = c + 20. Let z be s(-14). Let y = z - -8. Suppose -5*t = -3*r + 5*r - 70, -t + y = 5*r. List the prime factors of t.
2, 7
Suppose 4*n - 92 = -q, -2*n + q - 70 = -5*n. Let f = 27 - n. What are the prime factors of (-6)/f*360/(-27)?
2
Let p(s) = -s**3 + 19*s**2 + 4. What are the prime factors of p(8)?
2, 3, 59
Let n(w) be the third derivative of -w**4/6 + 7*w**3/6 - 2*w**2. Let h be n(6). Let r = -12 - h. What are the prime factors of r?
5
Suppose 7*q - 4345 = 2*q - 5*i, 5*q - 3*i = 4353. List the prime factors of q.
2, 3, 5, 29
Suppose 11 = x + 3*s, 9*x - 4*x - 29 = -2*s. Suppose 0 = 4*c - u + 3*u - 190, 4*c = x*u + 211. What are the prime factors of c?
7
Suppose 0 = 6*m - 1454 - 1948. List the prime factors of m.
3, 7
Let b be ((-3)/(-2))/(5 - 2366/472). Let k = -55 - b. List the prime factors of k.
3, 7
What are the prime factors of 3683/1 - (16 - 26)?
3, 1231
Let o(b) be the second derivative of -b**3/6 + 15*b**2/2 - b. Let z be o(12). Let q(k) = 7*k + 4. List the prime factors of q(z).
5
Let q be (1 - -9)*1/2. Let i(b) = b**3 + 7*b**2 - 8*b + 3. Let r be i(-8). Suppose q*o - 48 = r*o. What are the prime factors of o?
2, 3
Let c be 5/2*(-4)/(-2). Let a be (0 - -7) + 1/(3/(-12)). Suppose -3*y = -y - 4*x - 52, c*y = -a*x + 130. List the prime factors of y.
2, 13
Suppose 0*q - 1 = 3*q + 2*r, 3*r + 9 = -2*q. Let z be q/(-12) + 26/8. What are the prime factors of 98/z + (-8)/12?
2
Let y = -20 + 10. Let r = y + 9. What are the prime factors of (51/(-6))/(r/2)?
17
Let q be (-20)/(-2) + -2 + -2. Suppose -2*h + 4*h - q = 0. List the prime factors of h - 6*-1 - -1.
2, 5
Suppose 0 = 52*o - 61*o + 4725. List the prime factors of o.
3, 5, 7
Let m = 17 - -15. Suppose -3*a + i + m = 0, 3*a - a - 17 = 5*i. List the prime factors of a.
11
Let y be (-1)/((2/(-6))/(5/5)). List the prime factors of (-188*y/(-9))/(4/6).
2, 47
Suppose -d + 33 = -4*y, 10*d + 2*y + 54 = 12*d. Let u be (-2)/(-8) + (-122)/8. Let o = d + u. What are the prime factors of o?
2, 5
Suppose -1090 = 43*l - 39188. What are the prime factors of l?
2, 443
Let u = 558 - 276. What are the prime factors of u?
2, 3, 47
Let x(k) be the second derivative of 10*k**3/3 + 2*k**2 + 15*k. List the prime factors of x(2).
2, 11
Let y = 3 + 17. Suppose -4*g - 2 = 5*p, -2 - y = -5*p + 4*g. Suppose -2*n + 3*n = p, 2*k - n = 30. List the prime factors of k.
2
Suppose 5*n - f - 714 = 0, -5*n + 722 = -0*f - 3*f. Suppose 3*h - n + 22 = 0. List the prime factors of h.
2, 5
Let z(w) = 18*w + 194. List the prime factors of z(0).
2, 97
Let s = -140 + 523. What are the prime factors of s?
383
Let z = 439 + -368. List the prime factors of z.
71
List the prime factors of (4 + -2)*63/2.
3, 7
Let b(r) = 4*r - 12. Let z be b(4). Let o be z/3*6/4. Suppose o*x - 112 = -0*x. List the prime factors of x.
2, 7
Suppose f = -3*f - 48. Let q be (f/(-7))/((-2)/(-21)). What are the prime factors of (-334)/(-12) - (-3)/q?
2, 7
Let o be 464/(-174)*(-2)/(-4)*-3. Suppose 7*f = o*f + 120. List the prime factors of f.
2, 5
List t